e -135 = -3*v - 4*m, 5*v - 233 = m - 5*m. Let z = 236 + -223. Suppose 0 = z*y - 38 - 53. Calculate the highest common divisor of y and v.
7
Let y(v) be the second derivative of 5*v**3/6 - 98*v**2 + 3*v + 23. Let t be y(41). Calculate the greatest common divisor of 63 and t.
9
Let i be ((-22)/4)/(-11) - 10/4. Let p(w) = -18*w**2 + 5*w + 5. Let x be p(i). Let k = x + 151. What is the highest common factor of 37 and k?
37
Let o be (2/16 - 105/(-56))*1. Suppose -o*h + 5*h = -9, -y + 39 = -h. Calculate the greatest common factor of y and 27.
9
Let s(m) = -92*m - 5. Let p be s(-3). Let u(j) = -269 + p + 0*j - 2*j**2 + 12*j. Let b be u(5). Calculate the highest common factor of b and 216.
12
Let w(f) = f**2 + 108. Let y be w(0). Let x be 371 + ((-23)/46)/(1 + (-30)/28). What is the highest common divisor of x and y?
54
Let z = 49 - 84. Let v be 1/(-2)*(z/(-7) + -9). Suppose 0 = 3*b + r - 6 - 38, 0 = 4*b + v*r - 60. Calculate the greatest common divisor of b and 98.
14
Let w(s) = 14*s + 46. Let x be w(-2). Suppose x*c - 218 = 124. Let g be 1/(-1) - (2 + -174). Calculate the greatest common factor of c and g.
19
Suppose 247 = 5*v - 3*i - 65, 4*v - 4*i = 256. What is the greatest common factor of v and 220?
20
Let v = -310 - -314. Let n(y) = 3*y**2 - 6*y + 3. Let z be n(v). Let p be -1 + 0 - (-1 - 243). What is the highest common factor of p and z?
27
Let j = 103 + -89. Let g be (-134)/6 + (-13)/(-39). Let w = g - -71. What is the greatest common factor of j and w?
7
Let l(g) = 4*g + 77. Let m be l(7). Let x = 65 + m. What is the highest common factor of 20 and x?
10
Let y(b) be the second derivative of 7*b**4/3 + 11*b**3/2 - 7*b**2 + 3*b - 14. Let s be y(5). Calculate the highest common factor of 46 and s.
23
Let b = 6430 + 3965. Calculate the highest common factor of 55 and b.
55
Let w(k) = -2. Let c(h) = -8*h**2 + 4*h + 17. Let m(q) = c(q) + w(q). Let z be m(5). Let y be 42/(-35)*z/6. Calculate the highest common divisor of y and 363.
33
Let t(q) = 204*q - 998. Let p be t(7). What is the greatest common divisor of p and 20?
10
Suppose 0 = 11*s - 641 - 569. Suppose 4*m - m - 69 = 0. Let b = -13 + m. What is the greatest common factor of b and s?
10
Let v(h) = 7*h**2 + 127*h - 864. Let p be v(24). What is the highest common divisor of p and 8?
8
Let q(m) = -5 - 12*m**2 + 15*m - m**3 + 0*m**3 + 4*m**2. Let y be q(-10). What is the highest common factor of 3 and y?
3
Let m(j) = 2*j**3 - 5*j**2 + j. Let i be m(4). Let f be (-13)/i + (-279)/4. Let c = f - -110. Calculate the highest common factor of 16 and c.
8
Let o(u) = 2*u**3 + 30*u**2 - 26*u + 106. Let h be o(-16). Suppose 4*q - 4*s - 679 = -5*s, 0 = 5*s + 5. Calculate the greatest common factor of h and q.
10
Let d(i) = 3*i**2 + 81*i - 452. Let x be d(-33). What is the greatest common factor of x and 11786?
142
Let v = 7219 + 6593. Calculate the greatest common factor of v and 12.
12
Let c = 0 - -87. Let k be (-10 - (-102)/18)*-3. Let h = k + c. Calculate the highest common factor of h and 20.
20
Let h be -1 - -1*63 - 2. Let r = h + -38. Let z = 193740 - 193498. What is the highest common factor of r and z?
22
Let u be ((-42)/9 - (-15 - -9))/((-4)/(-63)). Calculate the highest common factor of u and 51.
3
Suppose -3*o = -16*s + 14*s + 8278, s - 5*o = 4118. What is the highest common divisor of 183 and s?
61
Suppose 7 - 217 = -5*y. Suppose -2*x + 192 - y = 0. Suppose 0 = -4*s - 3*j + x - 4, -4*s - 2*j = -70. Calculate the greatest common divisor of 51 and s.
17
Let a(n) = -39*n + 24. Let o be a(2). Let c be (-4)/(-24)*16*o/(-4). What is the greatest common divisor of 684 and c?
36
Suppose 0 = 21*l + 52 - 703. Suppose -25 = -2*g + l. What is the highest common divisor of g and 84?
28
Suppose 3*z - 2*z - 2 = 0, o - 31 = -3*z. Let m(d) = 21*d - 1. Let h = 107 + -101. Let c be m(h). Calculate the greatest common divisor of o and c.
25
Suppose 3*u - 28 - 116 = 0. Let c be (10/4)/(580/50112). What is the highest common factor of c and u?
24
Suppose 0 = -43*l + 91456 + 127199. What is the greatest common divisor of 45 and l?
45
Suppose 328951*g - 147 = 328944*g. Calculate the highest common factor of g and 63147.
21
Let y = -31 + 12. Let q(g) = -g**3 + 4*g**2 + 2*g + 10. Let x be q(7). Let a = y - x. Calculate the highest common factor of 13 and a.
13
Let c(d) = -d**3 + 2*d**2 + 10*d - 12. Let h be c(3). Suppose -h*m + 0*m = -2331. What is the greatest common factor of m and 74?
37
Suppose 4918 + 2372 = 15*i. Suppose -13*z - 187 = -i. Calculate the highest common divisor of z and 207.
23
Suppose -3*b = -6*q - 210, 2*b - 137 = -0*b + 3*q. What is the highest common factor of b and 14528?
64
Suppose r = -5*h - 83, 4*h = 6*r - r - 78. Let j be 2*38*(-2)/(-8). What is the greatest common divisor of j and r?
1
Suppose -2*d - 7 + 7 = 0. Suppose d = -x - 1 + 7. Suppose x*k - 2*k - 64 = 0. What is the greatest common factor of k and 24?
8
Let y be -3 + -5 + 2/13 + (-382266)/(-78). What is the highest common factor of y and 28?
7
Let q(l) = l**2 + 22*l - 108. Let c be q(-26). Let f(b) = 4*b**2 - 10*b - 4. Let p be f(c). What is the greatest common factor of p and 60?
20
Suppose -14*c + 15*c + 4*r = 97, 5*r = 15. What is the highest common factor of 68 and c?
17
Suppose 33*p - 468 - 6198 = 0. Suppose -3*z - x + 3*x = -106, 5*z + 3*x = p. What is the greatest common factor of z and 209?
19
Let t be (3/(-9))/(4/(-263 - 13)). Let g(n) = 22*n + 3. Let s be g(7). Suppose 4*j - 303 - s = 0. Calculate the greatest common factor of j and t.
23
Let b(z) = 6*z**2 - 6*z + 82. Let c be b(-7). Let s be -8*15/(-6) + 2. What is the greatest common divisor of c and s?
22
Let k(o) = 10*o + 37. Let s be k(9). Calculate the highest common factor of s and 254.
127
Let s(p) = 9*p**2 - 23*p - 43. Let k be s(17). Calculate the highest common factor of k and 11.
11
Let u be (-5 + 2/(24/18))*-4. Let x be (-204)/(-357) + 1560/u. What is the highest common factor of x and 21?
7
Suppose -14*w = -43*w + 116. Suppose 100 = p + s, -7*s + w*s = -2*p + 180. What is the greatest common divisor of p and 336?
48
Let n be (1800/(-21))/((-3)/56). Calculate the highest common divisor of n and 75.
25
Let b be (-34 - -33)*(-21 + 2). Suppose -u - b = -2*m, 1 + 2 = -u. Calculate the highest common divisor of 92 and m.
4
Suppose 5*i - 6*i = -120. What is the highest common divisor of 5880 and i?
120
Let h(w) be the first derivative of 2*w**3 - 1/4*w**4 - 8 + 5*w**2 - w. Let r be h(7). Calculate the greatest common divisor of r and 50.
10
Suppose 6*r - r = -n + 195, -4*r = 20. Let w = -1491 + 1248. Let v = -233 - w. Calculate the greatest common divisor of v and n.
10
Let f = -2551 - -2602. Suppose 0*o = 4*o - 68. What is the greatest common divisor of o and f?
17
Let t be 30 + -2 + (2 - 3). Suppose 0 = -6*x + 3*x - 12. Let s be (-729)/6*(11 + -3)/x. Calculate the greatest common divisor of s and t.
27
Let u(v) = 31*v**2 + 101*v + 394. Let m be u(-4). Calculate the greatest common divisor of m and 126.
18
Let x = 8774 - 8598. Calculate the highest common divisor of 24 and x.
8
Let i(v) = 14*v - 12. Suppose -8*j + 362 - 50 = 0. Let p = -33 + j. Let m be i(p). Calculate the greatest common factor of m and 9.
9
Let g(t) = -3*t - 7. Let k be g(-5). Suppose 640*x - 317*x + 2584 = 357*x. What is the greatest common factor of k and x?
4
Let q = -28090 + 37746. Calculate the greatest common divisor of 85 and q.
17
Let u(h) = -h**2 + 6*h - 7. Let s be u(5). Let a be s/(-8) - 30/(-8). Let z be ((-92)/322)/(((-2)/28)/(140/56)). What is the highest common divisor of z and a?
2
Suppose 56*g = 28*g + 414 + 258. Suppose 0 = -c - 2*c + 1800. What is the greatest common factor of c and g?
24
Suppose -j + 9 = -1. Suppose -4*w = -j*w + 780. What is the greatest common factor of w and 10?
10
Suppose -17*r + 3546 = -178*r + 32526. Calculate the greatest common divisor of 480 and r.
60
Let p = 15626 + -14789. Calculate the greatest common factor of p and 496.
31
Let a(b) = 40*b**3 - 8*b**2 + 6*b + 8. Let f be a(2). Calculate the highest common factor of 220 and f.
44
Let c = 2870 + -1932. Calculate the greatest common factor of c and 804.
134
Let t(s) be the first derivative of -18*s**2 - 22*s - 2/3*s**3 + 15. Let y be t(-17). Calculate the highest common factor of y and 30.
6
Su